 13 - 20 - (15 + -15 + -3).
-4
Calculate (0 - (-2 + 0) - (36 - 6 - 25)) + 58.
55
(46 - (21 + 2)) + -15 - (-14 - 2)
24
What is the value of -35 + 7 + 15 + 49 + (-1 - 4) + 5?
36
8 - (11 + -9) - (-22 - (0 + 19))
47
-11 + (-237 - -139) + 4 + 23
-82
(1 - -28) + -35 - (-1 - (-6 + 124))
113
-60 - (56 + -160) - (31 - 22)
35
Evaluate 15 + -2 + 4 - (-718 - -688).
47
Evaluate -36 + -7 + (-15 - -16) + 18 + -9.
-33
Evaluate 5 - (-10 + (31 - 17 - (-2 + -13))).
-14
What is 60 - (3 + 18 + -135 + 126)?
48
What is the value of -55 - ((-11 - 0) + 58 + -25 + -15)?
-62
3 + -7 + 20 + -66
-50
(-1 - 0 - 9) + (8245 - 8201)
34
What is the value of (5 - -20) + (5 - 17) + -4?
9
What is the value of -12 + 13 + -6 - (-11 - 5 - -57)?
-46
Calculate 0 + -32 - (-319 - (-145 + -95)).
47
What is 96 - 4 - (635 + -629)?
86
Evaluate -79 - (-11 - (21 - (5 - -1))).
-53
What is the value of (-1 - 13) + (-4 - (-114 + -1 + 23))?
74
What is the value of (2 - 108) + (10582 - 10385)?
91
Evaluate (3 - 28) + 4 + (-4 - (8 + -1)).
-32
What is 4 + 82 + 5 + -9 + -646 + 642?
78
Calculate 13 + (-60 - -6) + 28 - 12.
-25
What is the value of 39 + 46 + -91 + -47?
-53
What is the value of (0 - (-45 + 64) - 32) + (-2 - 16)?
-69
Calculate -6 + -2 + 7 + -11 + (24 - (-6 + 11)).
7
What is the value of -3 + -31 - (-89 - -64)?
-9
(-8 - -14 - 25) + (-9 - -18) - (-44 + 1)
33
What is the value of -45 - (-64 + 27 - 29)?
21
What is the value of (10127 - 10164) + (0 - -146)?
109
Calculate -26 + -31 + 55 + -28.
-30
Evaluate 24 + -18 + -50 + 6.
-38
What is (-90 - (-39 - 32)) + -55?
-74
Calculate -2 - -17 - ((-2 - 8 - -17) + (-7 - 6)).
21
(-1 - -52) + (511 - 495)
67
Calculate 8 + (-90 + 13 - (-17 - (11 + -7))).
-48
What is the value of (0 + -2 - -14) + 155 + (-125 - 124)?
-82
80 + -4 + (7 - (-9 - (-25 + 18)))
85
What is -4 + (-206 + 214 - ((3 - 1) + -3))?
5
Evaluate -73 + (14 - 32) + 76.
-15
What is the value of -72 - -56 - (-37 + 29 + 18)?
-26
What is the value of (6 - -34 - -7 - (-2 - -15)) + 3?
37
What is 33 - (5 + (-60 - -62))?
26
Calculate -19 - (-14 - (-4 + 10 + -16 - -6)) - 59.
-68
What is the value of (0 - -108) + -2 + (-55 - (-111 + 71))?
91
Calculate -79 + (5 - (23 + -22) - (3 + (-1 - -2))).
-79
Evaluate (106 - (0 + -7 + 8 - -8)) + (2 - 2).
97
Evaluate -47 + (-8 - -43) - (17 + -25).
-4
6 - (-29 - 20 - -28)
27
Calculate (0 - 1) + (-2 + (-6 - -54 - 3) - -11).
53
What is -1025 + 1085 + (-2 - 53)?
5
What is the value of 22 + (6 + 31 - 49)?
10
What is the value of 335 - (113 - -129) - (2 - -19)?
72
Calculate -72 + 0 + (0 - 9 - (65 + -22 - 52)).
-72
Evaluate 35 - (43 - 9) - 17.
-16
-14 + (49 - 100) + 51
-14
(-3 - -3) + 18 - (-20 - (-61 + -44))
-67
-27 + 43 - 32 - (15 - -4)
-35
Calculate (7 - (-62 + 64)) + -10 + (0 - 0 - 1).
-6
What is the value of -8 + (5 - (-5 - -14) - 10) + -8?
-30
What is the value of -1 - -76 - (-1374 + 1413)?
36
Evaluate -55 + (-27 - (-48 + (2 - 11))).
-25
What is -5 + (9 + -4 + -11 - -7) - -32?
28
What is -4 + -27 + (691 - 696 - (-3 + (2 - 1)))?
-34
Calculate (-36 - 5 - -9) + -11.
-43
-94 - -9 - (640 + -741)
16
What is the value of -5 + -6 + -4 + (102 - 77)?
10
What is the value of 13 - 124 - (-10 + 5 + -6 + 30 + -22)?
-108
What is the value of 1 + 43 - (766 - 739)?
17
Calculate -17 + (126 - 16) + -20 - (-3 - -6 - 13).
83
What is 1 + (11 - 7) + 3 + 8 + -8 + 96?
104
Evaluate (15 - -3) + (-79 - -115).
54
((2 - -10) + -3 - (-59 + 30 - -41)) + -93
-96
Evaluate (9 - 32) + 13 + -3 - (1 - -20).
-34
(1009 - 1049) + (6 - 5 - (1 + -3) - 2)
-39
What is (82 - 75) + (16 - -1) + 9 + -2?
31
Calculate -12 - ((421 - 454) + (5 - 4)).
20
Evaluate 20 + -8 - 5 - 25 - (-33 - -1).
14
What is the value of (-20 - -40) + -9 + 45 + 21?
77
Calculate 23 + -19 + (14 - (24 + 19)).
-25
What is -15 + -16 + (8 - -17) + 59 + -1?
52
Evaluate (-40 - -41) + -19 + -2 + -23.
-43
Calculate 22 + (11 - (-2 - -3)) + (3398 - 3409).
21
What is the value of -1 - -14 - (-119 - -58 - (-9 + (8 - 13)))?
60
What is the value of (-3 - (-5 - -1)) + 11 + (-265 - (8 + -179))?
-82
What is the value of 34 - 4 - (1 + -5 - (22 - 21)) - 7?
28
What is the value of 4 - ((-13 - -2) + -38 - -21)?
32
19 - (-27 - 0) - (22 + -8)
32
What is 31 - (64 + (-82 - -28))?
21
Evaluate (6 - -8) + 9 + -133 - (14 - 26).
-98
What is (-35 - -82) + -13 - 37?
-3
What is the value of -2 + (50 + -46 - (30 + -4)) - 16?
-40
Evaluate -27707 + 27690 + (-2 - (1 - 67)).
47
What is the value of (50 - 41) + (-3 - 2) + (27 - 69)?
-38
Calculate 20 - 3 - (635 - 644).
26
What is -3 - -3 - 5 - 33 - (342 + -350)?
-30
(129 - 131) + 63 + -74
-13
(13296 - 13252) + (0 - -27)
71
Calculate 0 - -22 - (20 - ((14 - -3) + -8 - -15)).
26
What is -60 - -57 - -18 - (87 + -2)?
-70
1972 + -1970 + (-3 - (56 - 3))
-54
Calculate (-29 - -27 - 31 - (1 - 2)) + -10.
-42
Evaluate 41 + (-52 - (-49 + 4)).
34
What is the value of 198 + -131 + (9 - (14 + -5))?
67
87 + -54 + 54 - -2
89
-45 + (121 - 69) + 20 + 0 - (-2 + -9)
38
Evaluate -1 - 7 - (19 + 2 + -3).
-26
Evaluate -59 + 10 + (-20 - -87).
18
What is 1 + -36 + (-2276 - -2307)?
-4
What is (-17 + 4 - -5) + (-233 - -124)?
-117
Evaluate 6 + (-6 - -19) + (0 - 11).
8
What is -68 - ((-92 - -94) + (0 - 15))?
-55
-11 - (17 + (-18 - -24 - 25) + -5)
-4
Evaluate (-8 - -4) + (19 - (-11 - -20)) + -10 + 19.
15
What is the value of (-1 - -8) + (6 - 29 - -17) + -59 + 0?
-58
-20 + 45 - 42 - (-5 + -4)
-8
What is the value of (32 - 8) + 20 + -96?
-52
Evaluate (105 + -168 - -55) + 1 + 1 + 12.
6
Calculate -97 + 89 + -47 + 73.
18
Calculate 9 - (9 + 30 + 25 + -4).
-51
What is the value of 46 - (-19 - -60) - -9?
14
Calculate 6 - 88 - (7 + (15 - (-13 + 35)) + -1).
-81
What is 18 + 13 + -35 + (-32 - -33)?
-3
What is (-43 - -101) + -40 + 32 + 21?
71
What is the value of (-8 + 15 - 2) + 8 + -35 + 5 + -10?
-27
Calculate (-4 - -13) + (10 + -3 - 17) + (3 - -6).
8
Calculate 20 + 0 - ((84 - 27) + -168).
131
47 - ((-6 - 3 - -12) + 8)
36
Evaluate -30 + -1 - (123 - 175 - -105).
-84
What is the value of 8 + 13 - -7 - (4 + -4 - (1 + 1))?
30
What is 72 - 2 - (-847 - -931)?
-14
(306 - 294) + -2 + 4 - (-32 + -2)
48
(10 - -5) + -43 - 38 - 11
-77
2 + 1 - (-12 - 4) - -17
36
What is the value of (11 + -2 + 17 - (13 + 0)) + -27?
-14
Evaluate (-1 - (-2 + 42)) + (66 - (28 + 42)).
-45
Evaluate 84 + -36 + 88 + -99.
37
What is 1 - (-1 + -6) - (-43 - -20 - 0 - -16)?
15
What is the value of 40 + -23 + -25 + -1 + 13?
4
0 - (2 + -4) - (37 - (-12 + -5 - -26))
-26
(-1 - -17 - (16 + -10)) + -45 - 1
-36
475 + -444 - (4 + 0 - 2)
29
5 + (2 + -5 + 6 - 19) - (167 - 148)
-30
-2 - (-52 + -5 + 57 + 13 + 2 + -1)
-16
Evaluate -11 + 1 + 22 - 11 - -44.
45
Evaluate (3 - (3 + 0)) + 2 + -25 + -157 + 150.
-30
Calculate -4 + -11 + 4 + (31 - 24) + -54 + 8.
-50
What is -31 + (2 - (-6 - 1)) + 0 - -7?
-15
1822 + -1807 + (-3 - -1 - 5)
8
Evaluate -39 + -11 + (-47 - -77).
-20
33 + 0 - (8 + 22 + -1)
4
What is -18 + 53 + 34 + -73?
-4
Evaluate (115 - 286) + 231 - (0 - 30).
90
Evaluate -8 + ((-24 - (-11 - -11)) + 10 - 11).
-33
(66 - 34 - -108) + (-33 - 5)
102
Calculate 56 + 6 + -60 + -18.
-16
What is the value of -24 - (19 + -45) - -16 - 6 - (2 - 1)?
11
18 - ((-7 + 2 - (6 + 3 + -16)) + -2)
18
(56 - (-28 - -79) - ((0 - -1) + -7)) + -52
-41
Evaluate -35 + 25 + (57 - 47 - (-2 + 2)).
0
Evaluate (-87 - (-357 + 142)) + -89.
39
Calculate (1 - -7) + (113 - 189) + 59.
-9
What is (-12 + -3 - -24) + 1 - -2 - -6?
18
Evaluate -12 - ((83 - 41) + -36).
-18
What is -2 + 25 + -21 - (9 + 4 + -6 + -8)?
3
What is 1 - 15 - ((25 - (38 - 22) - 24) + -119)?
120
What is 66 + -71 + -71 + 97?
21
What is -88 + (14 - 13 - 3) + 20?
-70
Calculate 29 - (-10 - (29 + -32)).
36
Calculate -733 + 698 + -2 + 9 + 1.
-27
What is 43 + (14 - 69 - -26)?
14
What is the value of -3 + 10 + (-32 - -42 - (-3 + -37))?
57
What is -13 + -33 + 82 - 53?
-17
11 + (-7 - ((0 - -9) + (-11 - -9) + -103))
100
8 - -1 - ((91 - (18 + 15)) + -17)
-32
-6 + ((-7 - -10) + -7 - -16)
6
-1 + (14 - -4) + (0 - 14 - (200 - 220))
23
What is the value of -30 - (-14 - (-27 + 52) - 10)?
19
Evaluate 0 + 20 - (-670 + 678) - (53 - 0).
-41
Calculate -3 + (0 - -3 - 16) + (115 - (361 + -165)).
-97
What is the value of 137 + -2 - 134 - (1 - (2 + -99))?
-97
What is (-1 - 4) + 212 + -205 + (-1 - (4 + 79))?
-82
Calculate 59 + -87 + (20 - -14).
6
What is 17 - ((-1 - -54) + 42 + -32 + -11)?
-35
What is the value of -50 - (38 + 